{"id":423,"date":"2024-10-07T10:25:03","date_gmt":"2024-10-07T08:25:03","guid":{"rendered":"https:\/\/www.gokamenice.cz\/?page_id=423"},"modified":"2024-10-07T10:34:36","modified_gmt":"2024-10-07T08:34:36","slug":"aktivni-dospeli","status":"publish","type":"page","link":"https:\/\/www.gokamenice.cz\/?page_id=423","title":{"rendered":"Aktivn\u00ed dosp\u011bl\u00ed"},"content":{"rendered":"\n<p><\/p>\n\n\n\n<figure class=\"wp-block-table\"><table class=\"has-fixed-layout\"><tbody><tr><td><strong>Tren\u00e9r:<\/strong><\/td><td>Anna Majerov\u00e1<\/td><\/tr><tr><td><strong>Kontakt:<\/strong><\/td><td>majerova.anka@seznam.cz<\/td><\/tr><tr><td><strong>\u010casy tr\u00e9nink\u016f:<\/strong><\/td><td>\u00fater\u00fd             20:00 &#8211; 21:00<br>\u010dtvrtek           20:00 &#8211; 21:00<\/td><\/tr><tr><td><strong>Odd\u00edlov\u00e9 a \u010dlensk\u00e9 p\u0159\u00edsp\u011bvky:<\/strong><\/td><td>3.500,- za tr\u00e9nink 1x t\u00fddn\u011b<\/td><\/tr><\/tbody><\/table><\/figure>\n\n\n\n<p>V \u00fater\u00fd se jedn\u00e1 p\u0159edev\u0161\u00edm o zpev\u0148ov\u00e1n\u00ed a protahov\u00e1n\u00ed, ve \u010dtvrtek v\u00edce o gymnastick\u00e9 cvi\u010den\u00ed. Je mo\u017en\u00e9 chodit pouze jeden den v t\u00fddnu (\u00fater\u00fd nebo \u010dtvrtek, dle preference n\u00e1pln\u011b), nebo oba.<\/p>\n","protected":false},"excerpt":{"rendered":"<p>Tren\u00e9r: Anna Majerov\u00e1 Kontakt: majerova.anka@seznam.cz \u010casy tr\u00e9nink\u016f: \u00fater\u00fd 20:00 &#8211; 21:00\u010dtvrtek 20:00 &#8211; 21:00 Odd\u00edlov\u00e9 a \u010dlensk\u00e9 p\u0159\u00edsp\u011bvky: 3.500,- za tr\u00e9nink 1x t\u00fddn\u011b V \u00fater\u00fd se jedn\u00e1 p\u0159edev\u0161\u00edm o zpev\u0148ov\u00e1n\u00ed&#8230;<\/p>\n","protected":false},"author":1,"featured_media":0,"parent":0,"menu_order":0,"comment_status":"closed","ping_status":"closed","template":"","meta":{"footnotes":""},"class_list":["post-423","page","type-page","status-publish","hentry","entry"],"_links":{"self":[{"href":"https:\/\/www.gokamenice.cz\/index.php?rest_route=\/wp\/v2\/pages\/423","targetHints":{"allow":["GET"]}}],"collection":[{"href":"https:\/\/www.gokamenice.cz\/index.php?rest_route=\/wp\/v2\/pages"}],"about":[{"href":"https:\/\/www.gokamenice.cz\/index.php?rest_route=\/wp\/v2\/types\/page"}],"author":[{"embeddable":true,"href":"https:\/\/www.gokamenice.cz\/index.php?rest_route=\/wp\/v2\/users\/1"}],"replies":[{"embeddable":true,"href":"https:\/\/www.gokamenice.cz\/index.php?rest_route=%2Fwp%2Fv2%2Fcomments&post=423"}],"version-history":[{"count":3,"href":"https:\/\/www.gokamenice.cz\/index.php?rest_route=\/wp\/v2\/pages\/423\/revisions"}],"predecessor-version":[{"id":431,"href":"https:\/\/www.gokamenice.cz\/index.php?rest_route=\/wp\/v2\/pages\/423\/revisions\/431"}],"wp:attachment":[{"href":"https:\/\/www.gokamenice.cz\/index.php?rest_route=%2Fwp%2Fv2%2Fmedia&parent=423"}],"curies":[{"name":"wp","href":"https:\/\/api.w.org\/{rel}","templated":true}]}}