{"id":84,"date":"2020-07-18T17:03:59","date_gmt":"2020-07-18T15:03:59","guid":{"rendered":"http:\/\/www.gokamenice.cz\/?page_id=84"},"modified":"2025-05-02T12:45:53","modified_gmt":"2025-05-02T10:45:53","slug":"o-nas","status":"publish","type":"page","link":"https:\/\/www.gokamenice.cz\/?page_id=84","title":{"rendered":"O n\u00e1s"},"content":{"rendered":"\n<p>GO Kamenice se v\u011bnuje p\u0159edev\u0161\u00edm tr\u00e9ninku TeamGymu. Dopl\u0148kov\u011b tr\u00e9nuje i v\u0161eobecnou gymnastiku. Hlavn\u00ed d\u016fraz je kladen na d\u011bti a ml\u00e1de\u017e. Ti tvo\u0159\u00ed absolutn\u00ed v\u011bt\u0161inu \u010dlen\u016f. P\u0159i odd\u00edlu p\u016fsob\u00ed i cvi\u010den\u00ed p\u0159ed\u0161koln\u00edch d\u011bt\u00ed. Od roku 2019 funguje i cvi\u010den\u00ed dosp\u011bl\u00fdch.<\/p>\n\n\n\n<p>Gymnastick\u00fd odd\u00edl Kamenice zaji\u0161\u0165uje cvi\u010den\u00ed v&nbsp;odd\u00edlech:<\/p>\n\n\n\n<ul class=\"wp-block-list\">\n<li>GP &#8211; gymnastick\u00e1 p\u0159\u00edpravka (2x t\u00fddn\u011b) \u2013 d\u011bti se p\u0159ipravuj\u00ed na sout\u011b\u017en\u00ed gymnastiku<\/li>\n\n\n\n<li>SG &#8211; TeamGym a dopl\u0148kov\u011b sportovn\u00ed gymnastika (2x \u2013 3x t\u00fddn\u011b) <\/li>\n\n\n\n<li>PD &#8211; cvi\u010den\u00ed p\u0159ed\u0161koln\u00edch d\u011bt\u00ed (1x t\u00fddn\u011b)<\/li>\n\n\n\n<li>AD &#8211; cvi\u010den\u00ed dosp\u011bl\u00fdch (1x &#8211; 2x t\u00fddn\u011b)<\/li>\n<\/ul>\n\n\n\n<p>Tr\u00e9ninky prob\u00edhaj\u00ed ve star\u00e9 t\u011blocvi\u010dn\u011b Z\u0160 Kamenice a v t\u011blocvi\u010dn\u011b Spor\u0165\u00e1\u010dek Kamenice.<\/p>\n\n\n\n<p> Pr\u00e1ci tren\u00e9r\u016f, cvi\u010ditel\u016f, rozhod\u010d\u00edch i funkcion\u00e1\u0159\u016f zast\u00e1vaj\u00ed dobrovoln\u00edci bez n\u00e1roku na odm\u011bnu.<\/p>\n\n\n\n<p>Provoz klubu je financov\u00e1n z p\u0159\u00edsp\u011bvk\u016f \u010dlen\u016f a dotac\u00ed (obec Kamenice, NSA&#8230;)<\/p>\n\n\n\n<div class=\"wp-block-file\"><a id=\"wp-block-file--media-5b87c4f5-bfaa-421f-a99e-fcde649545fb\" href=\"https:\/\/www.gokamenice.cz\/wp-content\/uploads\/2024\/11\/Stanovy-spolku_GO-Kamenice.doc\">Stanovy<\/a><a href=\"https:\/\/www.gokamenice.cz\/wp-content\/uploads\/2024\/11\/Stanovy-spolku_GO-Kamenice.doc\" class=\"wp-block-file__button wp-element-button\" download aria-describedby=\"wp-block-file--media-5b87c4f5-bfaa-421f-a99e-fcde649545fb\">St\u00e1hnout<\/a><\/div>\n","protected":false},"excerpt":{"rendered":"<p>GO Kamenice se v\u011bnuje p\u0159edev\u0161\u00edm tr\u00e9ninku TeamGymu. Dopl\u0148kov\u011b tr\u00e9nuje i v\u0161eobecnou gymnastiku. Hlavn\u00ed d\u016fraz je kladen na d\u011bti a ml\u00e1de\u017e. Ti tvo\u0159\u00ed absolutn\u00ed v\u011bt\u0161inu \u010dlen\u016f. P\u0159i odd\u00edlu p\u016fsob\u00ed i cvi\u010den\u00ed&#8230;<\/p>\n","protected":false},"author":1,"featured_media":0,"parent":0,"menu_order":0,"comment_status":"closed","ping_status":"closed","template":"","meta":{"footnotes":""},"class_list":["post-84","page","type-page","status-publish","hentry","entry"],"_links":{"self":[{"href":"https:\/\/www.gokamenice.cz\/index.php?rest_route=\/wp\/v2\/pages\/84","targetHints":{"allow":["GET"]}}],"collection":[{"href":"https:\/\/www.gokamenice.cz\/index.php?rest_route=\/wp\/v2\/pages"}],"about":[{"href":"https:\/\/www.gokamenice.cz\/index.php?rest_route=\/wp\/v2\/types\/page"}],"author":[{"embeddable":true,"href":"https:\/\/www.gokamenice.cz\/index.php?rest_route=\/wp\/v2\/users\/1"}],"replies":[{"embeddable":true,"href":"https:\/\/www.gokamenice.cz\/index.php?rest_route=%2Fwp%2Fv2%2Fcomments&post=84"}],"version-history":[{"count":14,"href":"https:\/\/www.gokamenice.cz\/index.php?rest_route=\/wp\/v2\/pages\/84\/revisions"}],"predecessor-version":[{"id":473,"href":"https:\/\/www.gokamenice.cz\/index.php?rest_route=\/wp\/v2\/pages\/84\/revisions\/473"}],"wp:attachment":[{"href":"https:\/\/www.gokamenice.cz\/index.php?rest_route=%2Fwp%2Fv2%2Fmedia&parent=84"}],"curies":[{"name":"wp","href":"https:\/\/api.w.org\/{rel}","templated":true}]}}

O nás

<p>GO Kamenice se věnuje především tréninku TeamGymu. Doplňkově trénuje i všeobecnou gymnastiku. Hlavní důraz je kladen na děti a mládež. Ti tvoří absolutní většinu členů. Při oddílu působí i cvičení předškolních dětí. Od roku 2019 funguje i cvičení dospělých.</p>



<p>Gymnastický oddíl Kamenice zajišťuje cvičení v&nbsp;oddílech:</p>



<ul class="wp-block-list">
<li>GP &#8211; gymnastická přípravka (2x týdně) – děti se připravují na soutěžní gymnastiku</li>



<li>SG &#8211; TeamGym a doplňkově sportovní gymnastika (2x – 3x týdně) </li>



<li>PD &#8211; cvičení předškolních dětí (1x týdně)</li>



<li>AD &#8211; cvičení dospělých (1x &#8211; 2x týdně)</li>
</ul>



<p>Tréninky probíhají ve staré tělocvičně ZŠ Kamenice a v tělocvičně Sporťáček Kamenice.</p>



<p> Práci trenérů, cvičitelů, rozhodčích i funkcionářů zastávají dobrovolníci bez nároku na odměnu.</p>



<p>Provoz klubu je financován z příspěvků členů a dotací (obec Kamenice, NSA&#8230;)</p>



<div class="wp-block-file"><a id="wp-block-file--media-5b87c4f5-bfaa-421f-a99e-fcde649545fb" href="https://www.gokamenice.cz/wp-content/uploads/2024/11/Stanovy-spolku_GO-Kamenice.doc">Stanovy</a><a href="https://www.gokamenice.cz/wp-content/uploads/2024/11/Stanovy-spolku_GO-Kamenice.doc" class="wp-block-file__button wp-element-button" download aria-describedby="wp-block-file--media-5b87c4f5-bfaa-421f-a99e-fcde649545fb">Stáhnout</a></div>

<p>GO Kamenice se věnuje především tréninku TeamGymu. Doplňkově trénuje i všeobecnou gymnastiku. Hlavní důraz je kladen na děti a mládež. Ti tvoří absolutní většinu členů. Při oddílu působí i cvičení&#8230;</p>
